{"id":62,"date":"2016-11-24T01:00:37","date_gmt":"2016-11-24T01:00:37","guid":{"rendered":"http:\/\/synergieconceptpnl.com\/index.php\/demo-home\/"},"modified":"2025-07-15T17:17:53","modified_gmt":"2025-07-15T21:17:53","slug":"accueil","status":"publish","type":"page","link":"https:\/\/synergiecoaching.ca\/","title":{"rendered":"Accueil"},"content":{"rendered":"<div id=\"cs-content\" class=\"cs-content\"><div id=\"x-section-1\" class=\"x-section\" style=\"margin: 0px;padding: 45px 0px; background-color: transparent;\" ><div id=\"\" class=\"x-container max width\" style=\"margin: 0px auto;padding: 0px;\" ><div  class=\"x-column x-sm cs-ta-center x-1-1\" style=\"padding: 0px;\" ><div id=\"\" class=\"x-text\" style=\"\" ><p class=\"resp-p-timeline mts mbn\">SynergieCoaching est un partenaire de choix pour accompagner les entrepreneurs \u00e0 succ\u00e8s.<\/p>\n<\/div><\/div><\/div><\/div><div id=\"x-section-2\" class=\"x-section\" style=\"margin: 0px;padding: 85px 0px;border-style: solid;border-width: 1px 0px;border-color: #e5e5e5; background-color: #ffffff;\" ><div id=\"\" class=\"x-container max width\" style=\"margin: 0px auto;padding: 0px;\" ><div  class=\"x-column x-sm x-1-4\" style=\"padding: 0px;\" ><div  class=\"x-counter\" data-x-element-counter=\"{&quot;to&quot;:&quot;13&quot;,&quot;speed&quot;:&quot;1500ms&quot;,&quot;selector&quot;:&quot;.number&quot;}\" ><div class=\"number-wrap w-h\" style=\"color: #272727;\"><span class=\"number\">0<\/span><\/div><span class=\"text-below\" >ANS D&#039;EXPERTISE <\/span><\/div><hr  class=\"x-gap x-hide-xl x-hide-lg x-hide-md\" style=\"margin: 35px 0 0 0;\"><\/div><div  class=\"x-column x-sm x-1-4\" style=\"padding: 0px;\" ><hr  class=\"x-gap x-hide-xl x-hide-lg x-hide-md\" style=\"margin: 35px 0 0 0;\"><\/div><div  class=\"x-column x-sm x-1-4\" style=\"padding: 0px;\" ><div  class=\"x-counter\" data-x-element-counter=\"{&quot;to&quot;:&quot;100&quot;,&quot;speed&quot;:&quot;1500ms&quot;,&quot;selector&quot;:&quot;.number&quot;}\" ><div class=\"number-wrap w-h\" style=\"color: #272727;\"><span class=\"number\">0<\/span><span class=\"suffix\">%<\/span><\/div><span class=\"text-below\" >AX\u00c9 OUTILS<\/span><\/div><\/div><div  class=\"x-column x-sm x-1-4\" style=\"padding: 0px;\" ><hr  class=\"x-gap x-hide-xl x-hide-lg x-hide-md\" style=\"margin: 35px 0 0 0;\"><div  class=\"x-counter\" data-x-element-counter=\"{&quot;to&quot;:&quot;100&quot;,&quot;speed&quot;:&quot;1500ms&quot;,&quot;selector&quot;:&quot;.number&quot;}\" ><div class=\"number-wrap w-h\" style=\"color: #272727;\"><span class=\"number\">0<\/span><span class=\"suffix\">%<\/span><\/div><span class=\"text-below\" >AX\u00c9 R\u00c9SULTATS<\/span><\/div><\/div><\/div><\/div><div id=\"x-section-3\" class=\"x-section\" style=\"margin: 0px;padding: 45px 0px;border-style: solid;border-width: 1px 0px;border-color: #e5e5e5; background-color: hsla(201, 71%, 7%, 0.93);\" ><div id=\"\" class=\"x-container max width\" style=\"margin: 0px auto;padding: 0px;\" ><div  class=\"x-column x-sm x-1-1\" style=\"padding: 0px;\" ><h1  class=\"h-custom-headline cs-ta-center man h2 accent\" style=\"color: hsl(0, 0%, 100%);\"><span>SURMONTEZ  VOS D\u00c9FIS<\/span><\/h1><\/div><\/div><\/div><div id=\"x-section-4\" class=\"x-section cs-ta-center\" style=\"margin: 0px;padding: 60px 0px 0px;padding-top: 0px; background-color: hsl(0, 0%, 100%);\" ><div id=\"\" class=\"x-container max width\" style=\"margin: 0px auto;padding: 0px;\" ><div  class=\"x-column x-sm x-1-1\" style=\"padding: 0px;\" ><a  class=\"x-img man x-img-link x-img-thumbnail\"  href=\"https:\/\/synergiecoaching.ca\/index.php\/consultant-management-et-performance-organisationnelle-mpo\/\" title=\"COACHING PERSONNEL\"    data-options=\"thumbnail: '913:full'\"><img decoding=\"async\" src=\"https:\/\/synergiecoaching.ca\/wp-content\/uploads\/2021\/04\/Management-Performance-Organisationnelle.jpg\" alt=\"COACHING PERSONNEL\"><\/a><hr  class=\"x-gap\" style=\"margin: 50px 0 0 0;\"><hr  class=\"x-gap\" style=\"margin: 50px 0 0 0;\"><hr  class=\"x-gap x-hide-xl x-hide-lg x-hide-md\" style=\"margin: 50px 0 0 0;\"><\/div><\/div><\/div><div id=\"x-section-5\" class=\"x-section cs-ta-center\" style=\"margin: 0px;padding: 60px 0px 0px;padding-top: 0px; background-color: hsl(0, 0%, 100%);\" ><div id=\"\" class=\"x-container max width\" style=\"margin: 0px auto;padding: 0px;\" ><div  class=\"x-column x-sm x-1-2\" style=\"padding: 0px;\" ><hr  class=\"x-gap\" style=\"margin: 50px 0 0 0;\"><a  class=\"x-img man x-img-link x-img-thumbnail\"  href=\"https:\/\/synergiecoaching.ca\/index.php\/services\/coaching-executif\/\" title=\"COACHING POUR LEADERS\"    data-options=\"thumbnail: '911:full'\"><img decoding=\"async\" src=\"https:\/\/synergiecoaching.ca\/wp-content\/uploads\/2021\/04\/coaching-pour-leaders.jpg\" alt=\"COACHING POUR LEADERS\"><\/a><hr  class=\"x-gap\" style=\"margin: 50px 0 0 0;\"><hr  class=\"x-gap x-hide-xl x-hide-lg x-hide-md\" style=\"margin: 50px 0 0 0;\"><\/div><div  class=\"x-column x-sm x-1-2\" style=\"padding: 0px;\" ><hr  class=\"x-gap\" style=\"margin: 50px 0 0 0;\"><a  class=\"x-img man x-img-link x-img-thumbnail\"  href=\"https:\/\/synergiecoaching.ca\/index.php\/services\/perte-de-poids\/\" title=\"COACHING PERSONNEL\"    data-options=\"thumbnail: 'https:\/\/synergiecoaching.ca\/wp-content\/uploads\/2018\/10\/coaching-personnel-6.jpg'\"><img decoding=\"async\" src=\"https:\/\/synergiecoaching.ca\/wp-content\/uploads\/2018\/10\/coaching-personnel-6.jpg\" alt=\"COACHING PERSONNEL\"><\/a><hr  class=\"x-gap\" style=\"margin: 50px 0 0 0;\"><hr  class=\"x-gap x-hide-xl x-hide-lg x-hide-md\" style=\"margin: 50px 0 0 0;\"><\/div><\/div><\/div><div id=\"x-section-6\" class=\"x-section cs-ta-center\" style=\"margin: 0px;padding: 20px 0px; background-color: hsl(0, 0%, 26%);\" ><div id=\"\" class=\"x-container max width\" style=\"margin: 0px auto;padding: 0px 5%;\" ><div  class=\"x-column x-sm x-1-1\" style=\"padding: 0px;\" ><a  class=\"x-btn x-btn-rounded x-btn-large x-btn-block\"  href=\"tel:15148874539\" title=\"Title\"    data-options=\"thumbnail: ''\"><i  class=\"x-icon mvn mln mrs x-icon-phone\" data-x-icon-s=\"&#xf095;\" aria-hidden=\"true\"><\/i>Laissez nous r\u00e9pondre \u00e0 vos questions 514-887-4539<\/a><a  class=\"x-btn x-btn-rounded x-btn-large x-btn-block\"  href=\"https:\/\/calendly.com\/jeanmarc-paquin\" title=\"Title\"    data-options=\"thumbnail: ''\"><i  class=\"x-icon mvn mln mrs x-icon-calendar\" data-x-icon-s=\"&#xf133;\" aria-hidden=\"true\"><\/i>Prise de rendez-vous \u00e9lectronique<\/a><\/div><\/div><\/div><div id=\"x-section-7\" class=\"x-section\" style=\"margin: 0px;padding: 45px 0px; background-color: transparent;\" ><div id=\"\" class=\"x-container max width\" style=\"margin: 0px auto;padding: 0px;\" ><div  class=\"x-column x-sm x-1-1\" style=\"padding: 0px;\" ><h2  class=\"h-custom-headline cs-ta-center h1\" style=\"text-transform: uppercase;\"><span>Les forces\nde notre approche<\/span><\/h2><hr  class=\"x-gap\" style=\"margin: 50px 0 0 0;\"><\/div><\/div><div id=\"\" class=\"x-container max width\" style=\"margin: 0px auto;padding: 0px;\" ><div  class=\"x-column x-sm x-1-1\" style=\"padding: 0px;\" ><ul  class=\"x-feature-list\"  data-x-element=\"feature_list\" data-x-params=\"{&quot;animationOffset&quot;:&quot;50&quot;,&quot;animationDelayInitial&quot;:&quot;0&quot;,&quot;animationDelayBetween&quot;:&quot;300&quot;}\"><li  class=\"x-feature-box left-text top-text cf\" style=\" max-width: none;\" data-x-element=\"feature_box\" data-x-params=\"{&quot;child&quot;:true,&quot;graphicAnimation&quot;:&quot;none&quot;,&quot;connectorAnimation&quot;:&quot;none&quot;,&quot;alignH&quot;:&quot;left&quot;,&quot;alignV&quot;:&quot;top&quot;}\"><span class=\"x-feature-box-connector full\" style=\"font-size: 70px; left: 0; right: calc(100% - 70px); border-left: 1px dashed #272727;\"><\/span><div class=\"x-feature-box-graphic circle \"><div class=\"x-feature-box-graphic-outer circle\" style=\" margin-right: 20px;\"><div class=\"x-feature-box-graphic-inner circle\" style=\"font-size: 70px;\"><i class=\"x-icon-male circle\" data-x-icon-s=\"&#xf183;\"  style=\"margin: 0 auto; color: #ffffff; background-color: hsl(358, 70%, 48%);\"><\/i><\/div><\/div><\/div><div class=\"x-feature-box-content \"><h4 class=\"x-feature-box-title\">S\u2019adapte \u00e0 votre r\u00e9alit\u00e9<\/h4><p class=\"x-feature-box-text\">Nos coachs s\u2019int\u00e9ressent \u00e0 savoir qui vous \u00eates et ce que vous vivez, pour vous rendre plus efficace dans la satisfaction de vos besoins et de vos aspirations uniques.<\/p><\/div><\/li><li  class=\"x-feature-box left-text top-text cf\" style=\" max-width: none;\" data-x-element=\"feature_box\" data-x-params=\"{&quot;child&quot;:true,&quot;graphicAnimation&quot;:&quot;none&quot;,&quot;connectorAnimation&quot;:&quot;none&quot;,&quot;alignH&quot;:&quot;left&quot;,&quot;alignV&quot;:&quot;top&quot;}\"><span class=\"x-feature-box-connector full\" style=\"font-size: 70px; left: 0; right: calc(100% - 70px); border-left: 1px dashed #272727;\"><\/span><div class=\"x-feature-box-graphic circle \"><div class=\"x-feature-box-graphic-outer circle\" style=\" margin-right: 20px;\"><div class=\"x-feature-box-graphic-inner circle\" style=\"font-size: 70px;\"><i class=\"x-icon-line-chart circle\" data-x-icon-s=\"&#xf201;\"  style=\"margin: 0 auto; color: #ffffff; background-color: hsl(358, 70%, 48%);\"><\/i><\/div><\/div><\/div><div class=\"x-feature-box-content \"><h4 class=\"x-feature-box-title\">Hautement efficace<\/h4><p class=\"x-feature-box-text\">Expert en mind set, notre approche vise l\u2019int\u00e9gration de nouveaux r\u00e9flexes afin que la satisfaction de vos besoins vous demande le moins de temps, d\u2019\u00e9nergie et d\u2019argent. <\/p><\/div><\/li><li  class=\"x-feature-box left-text top-text cf\" style=\" max-width: none;\" data-x-element=\"feature_box\" data-x-params=\"{&quot;child&quot;:true,&quot;graphicAnimation&quot;:&quot;none&quot;,&quot;connectorAnimation&quot;:&quot;none&quot;,&quot;alignH&quot;:&quot;left&quot;,&quot;alignV&quot;:&quot;top&quot;}\"><span class=\"x-feature-box-connector full\" style=\"font-size: 70px; left: 0; right: calc(100% - 70px); border-left: 1px dashed #272727;\"><\/span><div class=\"x-feature-box-graphic circle \"><div class=\"x-feature-box-graphic-outer circle\" style=\" margin-right: 20px;\"><div class=\"x-feature-box-graphic-inner circle\" style=\"font-size: 70px;\"><i class=\"x-icon-lightbulb-o circle\" data-x-icon-s=\"&#xf0eb;\"  style=\"margin: 0 auto; color: #ffffff; background-color: hsl(358, 70%, 48%);\"><\/i><\/div><\/div><\/div><div class=\"x-feature-box-content \"><h4 class=\"x-feature-box-title\">Stimulante et concr\u00e8te<\/h4><p class=\"x-feature-box-text\">Vivez une exp\u00e9rience de coaching avec un professionnel certifi\u00e9 qui aborde des faits, des concepts r\u00e9els et des solutions personnalis\u00e9es qui vous procurent des r\u00e9sultats concrets.<\/p><\/div><\/li><\/ul><\/div><\/div><\/div><span data-x-element-responsive-text=\"{&quot;selector&quot;:&quot;.resp-h&quot;,&quot;compression&quot;:&quot;1.35&quot;,&quot;minFontSize&quot;:&quot;36px&quot;,&quot;maxFontSize&quot;:&quot;64px&quot;}\" class=\"e62-e56\"><\/span><span data-x-element-responsive-text=\"{&quot;selector&quot;:&quot;.resp-p&quot;,&quot;compression&quot;:&quot;2.65&quot;,&quot;minFontSize&quot;:&quot;18px&quot;,&quot;maxFontSize&quot;:&quot;21px&quot;}\" class=\"e62-e57\"><\/span><span data-x-element-responsive-text=\"{&quot;selector&quot;:&quot;.resp-h-timeline&quot;,&quot;compression&quot;:&quot;0.85&quot;,&quot;minFontSize&quot;:&quot;28px&quot;,&quot;maxFontSize&quot;:&quot;54px&quot;}\" class=\"e62-e58\"><\/span><span data-x-element-responsive-text=\"{&quot;selector&quot;:&quot;.resp-p-timeline&quot;,&quot;compression&quot;:&quot;2.35&quot;,&quot;minFontSize&quot;:&quot;16px&quot;,&quot;maxFontSize&quot;:&quot;24px&quot;}\" class=\"e62-e59\"><\/span><\/div>\n","protected":false},"excerpt":{"rendered":"<p>SynergieCoaching est un partenaire de choix pour accompagner les entrepreneurs \u00e0 succ\u00e8s. 0ANS D&#039;EXPERTISE 0%AX\u00c9 OUTILS0%AX\u00c9 R\u00c9SULTATSSURMONTEZ VOS D\u00c9FISLaissez nous r\u00e9pondre \u00e0 vos questions 514-887-4539Prise de rendez-vous \u00e9lectroniqueLes forces de notre approcheS\u2019adapte \u00e0 votre r\u00e9alit\u00e9Nos coachs s\u2019int\u00e9ressent \u00e0 savoir qui vous \u00eates et ce que vous vivez, pour vous rendre plus efficace dans la satisfaction de vos besoins et de &#8230; <\/p>\n<div><a href=\"https:\/\/synergiecoaching.ca\/\" class=\"more-link\">Read More<\/a><\/div>\n","protected":false},"author":1,"featured_media":0,"parent":0,"menu_order":0,"comment_status":"closed","ping_status":"closed","template":"template-blank-4.php","meta":{"rs_blank_template":"","rs_page_bg_color":"","slide_template_v7":"","footnotes":""},"class_list":["post-62","page","type-page","status-publish","hentry","no-post-thumbnail"],"_links":{"self":[{"href":"https:\/\/synergiecoaching.ca\/index.php\/wp-json\/wp\/v2\/pages\/62","targetHints":{"allow":["GET"]}}],"collection":[{"href":"https:\/\/synergiecoaching.ca\/index.php\/wp-json\/wp\/v2\/pages"}],"about":[{"href":"https:\/\/synergiecoaching.ca\/index.php\/wp-json\/wp\/v2\/types\/page"}],"author":[{"embeddable":true,"href":"https:\/\/synergiecoaching.ca\/index.php\/wp-json\/wp\/v2\/users\/1"}],"replies":[{"embeddable":true,"href":"https:\/\/synergiecoaching.ca\/index.php\/wp-json\/wp\/v2\/comments?post=62"}],"version-history":[{"count":16,"href":"https:\/\/synergiecoaching.ca\/index.php\/wp-json\/wp\/v2\/pages\/62\/revisions"}],"predecessor-version":[{"id":999,"href":"https:\/\/synergiecoaching.ca\/index.php\/wp-json\/wp\/v2\/pages\/62\/revisions\/999"}],"wp:attachment":[{"href":"https:\/\/synergiecoaching.ca\/index.php\/wp-json\/wp\/v2\/media?parent=62"}],"curies":[{"name":"wp","href":"https:\/\/api.w.org\/{rel}","templated":true}]}}